{"id":871,"date":"2022-01-03T09:10:03","date_gmt":"2022-01-03T12:10:03","guid":{"rendered":"https:\/\/cepelconservadora.com.br\/servico-de-facilities\/?page_id=871"},"modified":"2023-01-11T09:46:30","modified_gmt":"2023-01-11T12:46:30","slug":"politica-de-privacidade","status":"publish","type":"page","link":"https:\/\/cepelconservadora.com.br\/servico-de-facilities\/politica-de-privacidade\/","title":{"rendered":"Pol\u00edtica de Privacidade"},"content":{"rendered":"\t\t<div data-elementor-type=\"wp-page\" data-elementor-id=\"871\" class=\"elementor elementor-871\" data-elementor-post-type=\"page\">\n\t\t\t\t\t\t<section class=\"elementor-section elementor-top-section elementor-element elementor-element-dded961 elementor-section-boxed elementor-section-height-default elementor-section-height-default\" data-id=\"dded961\" data-element_type=\"section\" id=\"header\" data-settings=\"{&quot;background_background&quot;:&quot;classic&quot;,&quot;sticky&quot;:&quot;top&quot;,&quot;sticky_on&quot;:[&quot;desktop&quot;],&quot;sticky_offset&quot;:0,&quot;sticky_effects_offset&quot;:0,&quot;sticky_anchor_link_offset&quot;:0}\">\n\t\t\t\t\t\t<div class=\"elementor-container elementor-column-gap-default\">\n\t\t\t\t\t<div class=\"elementor-column elementor-col-33 elementor-top-column elementor-element elementor-element-5a33b4d\" data-id=\"5a33b4d\" data-element_type=\"column\">\n\t\t\t<div class=\"elementor-widget-wrap\">\n\t\t\t\t\t\t\t<\/div>\n\t\t<\/div>\n\t\t\t\t<div class=\"elementor-column elementor-col-33 elementor-top-column elementor-element elementor-element-5716c73\" data-id=\"5716c73\" data-element_type=\"column\">\n\t\t\t<div class=\"elementor-widget-wrap elementor-element-populated\">\n\t\t\t\t\t\t<div class=\"elementor-element elementor-element-91eb682 elementor-widget elementor-widget-image\" data-id=\"91eb682\" data-element_type=\"widget\" data-widget_type=\"image.default\">\n\t\t\t\t<div class=\"elementor-widget-container\">\n\t\t\t\t\t\t\t\t\t\t\t\t\t\t\t\t<a href=\"https:\/\/cepelconservadora.com.br\/servico-de-facilities\/\">\n\t\t\t\t\t\t\t<img fetchpriority=\"high\" decoding=\"async\" width=\"665\" height=\"144\" src=\"https:\/\/i0.wp.com\/cepelconservadora.com.br\/servico-de-facilities\/wp-content\/uploads\/2023\/01\/logo-ecolimpea.png?fit=665%2C144&amp;ssl=1\" class=\"attachment-large size-large wp-image-1180\" alt=\"\" srcset=\"https:\/\/i0.wp.com\/cepelconservadora.com.br\/servico-de-facilities\/wp-content\/uploads\/2023\/01\/logo-ecolimpea.png?w=665&amp;ssl=1 665w, https:\/\/i0.wp.com\/cepelconservadora.com.br\/servico-de-facilities\/wp-content\/uploads\/2023\/01\/logo-ecolimpea.png?resize=300%2C65&amp;ssl=1 300w\" sizes=\"(max-width: 665px) 100vw, 665px\" \/>\t\t\t\t\t\t\t\t<\/a>\n\t\t\t\t\t\t\t\t\t\t\t\t\t\t\t<\/div>\n\t\t\t\t<\/div>\n\t\t\t\t\t<\/div>\n\t\t<\/div>\n\t\t\t\t<div class=\"elementor-column elementor-col-33 elementor-top-column elementor-element elementor-element-ed0736c\" data-id=\"ed0736c\" data-element_type=\"column\">\n\t\t\t<div class=\"elementor-widget-wrap\">\n\t\t\t\t\t\t\t<\/div>\n\t\t<\/div>\n\t\t\t\t\t<\/div>\n\t\t<\/section>\n\t\t\t\t<section class=\"elementor-section elementor-top-section elementor-element elementor-element-0d4855f elementor-section-boxed elementor-section-height-default elementor-section-height-default\" data-id=\"0d4855f\" data-element_type=\"section\">\n\t\t\t\t\t\t<div class=\"elementor-container elementor-column-gap-default\">\n\t\t\t\t\t<div class=\"elementor-column elementor-col-100 elementor-top-column elementor-element elementor-element-4dd4506\" data-id=\"4dd4506\" data-element_type=\"column\">\n\t\t\t<div class=\"elementor-widget-wrap elementor-element-populated\">\n\t\t\t\t\t\t<div class=\"elementor-element elementor-element-1e69acb elementor-widget elementor-widget-heading\" data-id=\"1e69acb\" data-element_type=\"widget\" data-widget_type=\"heading.default\">\n\t\t\t\t<div class=\"elementor-widget-container\">\n\t\t\t\t\t<h2 class=\"elementor-heading-title elementor-size-default\">Pol\u00edtica de Privacidade<\/h2>\t\t\t\t<\/div>\n\t\t\t\t<\/div>\n\t\t\t\t<div class=\"elementor-element elementor-element-fe22d15 elementor-widget elementor-widget-text-editor\" data-id=\"fe22d15\" data-element_type=\"widget\" data-widget_type=\"text-editor.default\">\n\t\t\t\t<div class=\"elementor-widget-container\">\n\t\t\t\t\t\t\t\t\t<p>APRESENTA\u00c7\u00c3O<\/p><p>Nossa postura em rela\u00e7\u00e3o as boas pr\u00e1ticas de mercado: zelamos pelo bom nome e ter boa rela\u00e7\u00e3o entre nossos parceiros, fornecedores, clientes, colaboradores e comunidade. <br \/>Estamos pautados e comprometidos com a verdade e transpar\u00eancia total em nossos relacionamentos seja com clientes, fornecedores, parceiros, colaboradores e comunidade. <br \/>O presente C\u00f3digo de Conduta foi criado para nortear a <strong>Ecolimpea<\/strong> Conservadora tanto de forma interna quanto externa, aplicando-se aos s\u00f3cios, colaboradores, prestadores, parceiros, clientes, estagi\u00e1rios ou qualquer pessoa que se relacione com o mesmo.<\/p><p>DO OBJETIVO DO C\u00d3DIGO DE CONDUTA<\/p><p>A <strong>Ecolimpea<\/strong> Conservadora tem como objetivo apresentar as diretrizes fundamentais da empresa de forma transparente, pautando a sua atua\u00e7\u00e3o dentro dos princ\u00edpios legais e \u00e9ticos, bem como estipular e estimular valores \u00e9ticos na rela\u00e7\u00e3o entre s\u00f3cios, colaboradores, parceiros, fornecedores, prestadores de servi\u00e7os, \u00f3rg\u00e3os p\u00fablicos, clientes e a comunidade, sempre em conson\u00e2ncia a transpar\u00eancia total e comprometimento em manter harmonia, equil\u00edbrio, seguran\u00e7a, responsabilidade, confian\u00e7a, segredo profissional entre as partes envolvidas.<\/p><p>MISS\u00c3O<\/p><p>Tornar nossos clientes mais felizes e satisfeitos com nossos produtos ou servi\u00e7os.<\/p><p>VIS\u00c3O<\/p><p>Ser eficiente e oferecer ao p\u00fablico consumidor de nossos produtos ou servi\u00e7os, que solu\u00e7\u00e3o da aquilo que eles precisam.<\/p><p>VALORES<\/p><p>N\u00e3o compactuamos de forma alguma com propinas, n\u00e3o nos valemos de qualquer benef\u00edcio pessoal para obter vantagens em negocia\u00e7\u00f5es. Prezamos pelo pre\u00e7o que acreditamos ser justo de acordo com pesquisas de levantamentos de pre\u00e7o no mercado, bem como com aquilo que oferecemos para os nossos clientes.<\/p><p>Respeitamos nossos concorrentes e acreditamos que a concorr\u00eancia \u00e9 importante para o equil\u00edbrio de mercado, afim de evitarem pr\u00e1ticas abusivas.<\/p><p>DOS RELACIONAMENTOS<\/p><p>Do relacionamento com o cliente<\/p><p>Transpar\u00eancia total e comprometimento em manter harmonia, equil\u00edbrio, seguran\u00e7a, responsabilidade, confian\u00e7a, segredo profissional entre as partes envolvidas. N\u00e3o compactuamos com pr\u00e1ticas desrespeitosas ou que fogem de valores que acreditamos e pregamos.<\/p><p>Nosso compromisso \u00e9 respeitar nossos clientes zelar e manter boas pr\u00e1ticas inclusive cuidando em n\u00e3o revelar segredos de neg\u00f3cios a terceiros e nem utilizar dos mesmos para benef\u00edcio pr\u00f3prio.<\/p><p>Do relacionamento com parceiros<\/p><p>Constru\u00edmos parcerias com pessoas e empresas que compactuam dos mesmos valores que a <strong>Ecolimpea<\/strong> Conservadora. Prezamos pelo respeito aos acordos comerciais, suas pol\u00edticas e pr\u00e1ticas de mercado. <br \/>Dentre o que acreditamos est\u00e1 os bons pre\u00e7os praticados, fidelidade \u00e0 marca, respeitar e ser respeitado tanto no quesito profissional quanto no pessoal.<\/p><p>Para a <strong>Ecolimpea<\/strong> Conservadora \u00e9 fundamental o bem-estar das pessoas que fazem parte de nossas parcerias, por isso respeitamos os valores individuais de cada um. Reconhecemos, portanto, a capacidade t\u00e9cnica e estrutural de cada fornecedor.<\/p><p>Sabemos que encontrar parceiros comprometidos tem um valor incalcul\u00e1vel para desempenho dos neg\u00f3cios e por isso valorizamos, respeitamos e queremos que todos tenham sucesso em seus projetos de neg\u00f3cios.<\/p><p>Do relacionamento com os colaboradores<\/p><p>A <strong>Ecolimpea<\/strong> Conservadora preza pelo respeito, carinho, compromisso com cada um que comp\u00f5e nosso time, inclusive valorizamos a fam\u00edlia dos nossos colaboradores, pois a fam\u00edlia \u00e9 a base para uma rela\u00e7\u00e3o pessoal e profissional feliz.<\/p><p>Em hip\u00f3tese alguma aceitamos ou compactuamos qualquer forma desrespeitosa de tratamento, inclusive apelidos, seja no exerc\u00edcio de suas fun\u00e7\u00f5es ou nas rela\u00e7\u00f5es pessoais, assim como n\u00e3o admitimos qualquer ato de discrimina\u00e7\u00e3o seja por ra\u00e7a, cor, etnia, credo religioso e\/ou orienta\u00e7\u00e3o sexual.<\/p><p>Ainda, n\u00e3o compactuamos com o uso de drogas il\u00edcitas e uso \u00e1lcool durante a jornada de trabalho, repudiamos atos ou est\u00edmulos de viol\u00eancia seja a pessoas, animais, meio ambiente, patrim\u00f4nios p\u00fablicos ou privados.<\/p><p>Cumprimos com a Legisla\u00e7\u00e3o trabalhista e n\u00e3o compactuamos com qualquer pr\u00e1tica que visa violar direitos trabalhistas.<\/p><p>Do relacionamento com a comunidade<\/p><p>Assumimos compromisso de respeitar os princ\u00edpios b\u00e1sicos da comunidade inclusive zelando para que seja harmoniosa e respeitosa. Ainda, contribuindo com a fun\u00e7\u00e3o social quanto a gera\u00e7\u00e3o de empregos e renda.<\/p><p>Valorizamos os compromissos sociais de ressocializa\u00e7\u00e3o de pessoas seja por meios de contribui\u00e7\u00f5es ou doa\u00e7\u00f5es para institui\u00e7\u00f5es beneficentes que contribuem para o bem-estar da comunidade, seja no desenvolvimento estrutural ou social, compreendemos o valor social da comunidade e das pessoas que \u00e0 cercam.<\/p><p>Respeitamos e cuidamos do meio ambiente, por isso utilizamos e praticamos regras que preservam, por exemplo, usamos produtos e servi\u00e7os que visam a preserva\u00e7\u00e3o ambiental e que n\u00e3o agrida a natureza.<\/p><p>Coletamos todas as informa\u00e7\u00f5es necess\u00e1rias para a preserva\u00e7\u00e3o ambiental, n\u00e3o praticamos descarte de forma irregular que prejudique ou destrua rios e leitos, afluentes, nascentes. <br \/>Descartamos de forma correta nosso lixo de acordo com as recomenda\u00e7\u00f5es e separamos por lixo org\u00e2nico e recicl\u00e1vel.<\/p><p>DEVER DE SIGILO DAS INFORMA\u00c7\u00d5ES<\/p><p>Todos os Integrantes devem manter e zelar pela confidencialidade de quaisquer informa\u00e7\u00f5es, documentos ou fatos de que tenham conhecimento em raz\u00e3o do labor para a\u00a0<strong>Ecolimpea<\/strong> Conservadora. Tal dever se estende para todos os documentos e informa\u00e7\u00f5es que sejam decorrentes de quaisquer das rela\u00e7\u00f5es da <strong>Ecolimpea<\/strong> Conservadora..<\/p><p>As informa\u00e7\u00f5es e reuni\u00f5es s\u00e3o proibidas de serem compartilhadas com pessoas que n\u00e3o componham o quadro da <strong>Ecolimpea<\/strong> Conservadora., sendo que mesmo de seja compartilhado internamente dever\u00e1 o fazer com discricionariedade, salvo o que for permitido por quaisquer das rela\u00e7\u00f5es empresariais e\/ou pessoais ou se trate de fato p\u00fablico e not\u00f3rio.<\/p><p>A <strong>Ecolimpea<\/strong> Conservadora adota os procedimentos estipulados na Lei de Prote\u00e7\u00e3o de Dados, Lei 13.709\/2018 visando ainda a prote\u00e7\u00e3o dos dados pessoais dos seus clientes, parceiros e colaboradores.<\/p><p>DA AMPLITUDE DO C\u00d3DIGO DE CONDUTA<\/p><p>O presente C\u00f3digo de Conduta se aplica no \u00e2mbito digital, r\u00e1dio e televis\u00e3o, devendo todos os integrantes do grupo <strong>Ecolimpea<\/strong> zelar pela imagem do mesmo, sendo que entrevistas em nome do grupo, somente poder\u00e3o ser concedidas e realizadas por integrantes que sejam s\u00f3cios, e quando n\u00e3o o for, somente com autoriza\u00e7\u00e3o expressa.<\/p><p>DA LEI ANTICORRUP\u00c7\u00c3O<\/p><p>Todos os integrantes\u00a0<strong>Ecolimpea<\/strong> Conservadora quando da sua atua\u00e7\u00e3o dever\u00e1 cumprir e prezar para que se cumpra a Lei Anticorrup\u00e7\u00e3o n\u00ac\u00ba 12.846\/13, bem como respeitar a Lei estrangeira que disciplinam sobre o mesmo tema, principalmente a Foreign Corrupt Practices Act \u2013 FCPA, dos Estados Unidos.<\/p><p>DA N\u00c3O TOLER\u00c2NCIA \u00c0 DISCRIMINA\u00c7\u00c3O<\/p><p>Todos os integrantes da\u00a0<strong>Ecolimpea<\/strong> Conservadora est\u00e3o comprometidos com o prop\u00f3sito de que todos s\u00e3o iguais e n\u00e3o s\u00f3 perante a Lei, mas dentro do grupo, e condutas discriminat\u00f3rias dentro da atua\u00e7\u00e3o de qualquer um daqueles ser\u00e1 considerada conduta anti\u00e9tica.<\/p><p>DO DESCUMPRIMENTO DO C\u00d3DIGO DE CONDUTA<\/p><p>Todos os integrantes da <strong>Ecolimpea<\/strong> Conservadora devem cumprir e se fazer o cumprir o presente C\u00f3digo de Conduta, sendo que o seu descumprimento ser\u00e1 considerado conduta anti\u00e9tica pass\u00edvel de puni\u00e7\u00e3o. <br \/>Ainda, suspeitas ou viola\u00e7\u00e3o do presente C\u00f3digo dever\u00e3o ser imediatamente comunicadas aos s\u00f3cios.<\/p><p>DAS DISPOSI\u00c7\u00d5ES FINAIS<\/p><p>O efetivo cumprimento dessas diretrizes \u00e9 imprescind\u00edvel para impedir a viola\u00e7\u00e3o da lei e dos princ\u00edpios \u00e9ticos os quais s\u00e3o pilares da\u00a0<strong>Ecolimpea<\/strong> Conservadora, o que poder\u00e1 acarretar a imposi\u00e7\u00e3o de san\u00e7\u00f5es caso haja descumprimento ou danos a mesma, parceiros, colaboradores ou clientes.<\/p><p>A\u00a0<strong>Ecolimpea<\/strong> Conservadora reafirma seu compromisso com a \u00e9tica, al\u00e9m de tornar p\u00fablicas as condutas e princ\u00edpios esperados.<\/p>\t\t\t\t\t\t\t\t<\/div>\n\t\t\t\t<\/div>\n\t\t\t\t\t<\/div>\n\t\t<\/div>\n\t\t\t\t\t<\/div>\n\t\t<\/section>\n\t\t\t\t<section class=\"elementor-section elementor-top-section elementor-element elementor-element-8e692ae elementor-section-boxed elementor-section-height-default elementor-section-height-default\" data-id=\"8e692ae\" data-element_type=\"section\" data-settings=\"{&quot;background_background&quot;:&quot;classic&quot;}\">\n\t\t\t\t\t\t<div class=\"elementor-container elementor-column-gap-default\">\n\t\t\t\t\t<div class=\"elementor-column elementor-col-100 elementor-top-column elementor-element elementor-element-4a00255\" data-id=\"4a00255\" data-element_type=\"column\">\n\t\t\t<div class=\"elementor-widget-wrap elementor-element-populated\">\n\t\t\t\t\t\t<div class=\"elementor-element elementor-element-45914d0 elementor-align-center elementor-widget elementor-widget-button\" data-id=\"45914d0\" data-element_type=\"widget\" data-widget_type=\"button.default\">\n\t\t\t\t<div class=\"elementor-widget-container\">\n\t\t\t\t\t\t\t\t\t<div class=\"elementor-button-wrapper\">\n\t\t\t\t\t<a class=\"elementor-button elementor-button-link elementor-size-lg elementor-animation-grow\" href=\"https:\/\/cepelconservadora.com.br\/servico-de-facilities\/\">\n\t\t\t\t\t\t<span class=\"elementor-button-content-wrapper\">\n\t\t\t\t\t\t\t\t\t<span class=\"elementor-button-text\">Voltar<\/span>\n\t\t\t\t\t<\/span>\n\t\t\t\t\t<\/a>\n\t\t\t\t<\/div>\n\t\t\t\t\t\t\t\t<\/div>\n\t\t\t\t<\/div>\n\t\t\t\t<div class=\"elementor-element elementor-element-61a3ccd elementor-widget elementor-widget-heading\" data-id=\"61a3ccd\" data-element_type=\"widget\" data-widget_type=\"heading.default\">\n\t\t\t\t<div class=\"elementor-widget-container\">\n\t\t\t\t\t<h2 class=\"elementor-heading-title elementor-size-default\">Ecolimpea Conserva\u00e7\u00e3o e Limpeza \u00a9 Todos os Direitos Reservados - 2021<\/h2>\t\t\t\t<\/div>\n\t\t\t\t<\/div>\n\t\t\t\t\t<\/div>\n\t\t<\/div>\n\t\t\t\t\t<\/div>\n\t\t<\/section>\n\t\t\t\t<\/div>\n\t\t","protected":false},"excerpt":{"rendered":"<p>Pol\u00edtica de Privacidade APRESENTA\u00c7\u00c3O Nossa postura em rela\u00e7\u00e3o as boas pr\u00e1ticas de mercado: zelamos pelo bom nome e ter boa rela\u00e7\u00e3o entre nossos parceiros, fornecedores, clientes, colaboradores e comunidade. Estamos pautados e comprometidos com a verdade e transpar\u00eancia total em nossos relacionamentos seja com clientes, fornecedores, parceiros, colaboradores e comunidade. O presente C\u00f3digo de Conduta [&hellip;]<\/p>\n","protected":false},"author":1,"featured_media":0,"parent":0,"menu_order":0,"comment_status":"closed","ping_status":"closed","template":"elementor_canvas","meta":{"footnotes":""},"jetpack_sharing_enabled":true,"jetpack-related-posts":[],"_links":{"self":[{"href":"https:\/\/cepelconservadora.com.br\/servico-de-facilities\/wp-json\/wp\/v2\/pages\/871"}],"collection":[{"href":"https:\/\/cepelconservadora.com.br\/servico-de-facilities\/wp-json\/wp\/v2\/pages"}],"about":[{"href":"https:\/\/cepelconservadora.com.br\/servico-de-facilities\/wp-json\/wp\/v2\/types\/page"}],"author":[{"embeddable":true,"href":"https:\/\/cepelconservadora.com.br\/servico-de-facilities\/wp-json\/wp\/v2\/users\/1"}],"replies":[{"embeddable":true,"href":"https:\/\/cepelconservadora.com.br\/servico-de-facilities\/wp-json\/wp\/v2\/comments?post=871"}],"version-history":[{"count":46,"href":"https:\/\/cepelconservadora.com.br\/servico-de-facilities\/wp-json\/wp\/v2\/pages\/871\/revisions"}],"predecessor-version":[{"id":1256,"href":"https:\/\/cepelconservadora.com.br\/servico-de-facilities\/wp-json\/wp\/v2\/pages\/871\/revisions\/1256"}],"wp:attachment":[{"href":"https:\/\/cepelconservadora.com.br\/servico-de-facilities\/wp-json\/wp\/v2\/media?parent=871"}],"curies":[{"name":"wp","href":"https:\/\/api.w.org\/{rel}","templated":true}]}}